and 38.
38
What is the highest common factor of 4264 and 78?
26
What is the highest common divisor of 1495 and 188025?
115
Calculate the highest common factor of 6647 and 1633.
23
Calculate the highest common divisor of 5850 and 299.
13
What is the highest common divisor of 717131 and 82?
41
What is the greatest common factor of 2568137 and 26?
13
What is the highest common divisor of 1316461 and 501?
167
What is the greatest common factor of 1925400 and 150?
150
What is the greatest common factor of 79 and 2212?
79
Calculate the highest common divisor of 249802 and 350.
14
What is the highest common factor of 103398 and 342?
114
Calculate the highest common divisor of 309 and 3914.
103
Calculate the greatest common factor of 14196 and 1001.
91
Calculate the greatest common factor of 102742 and 282.
94
What is the highest common divisor of 444 and 1443?
111
What is the greatest common factor of 218 and 11614822?
218
Calculate the highest common factor of 16 and 909776.
16
What is the highest common divisor of 192 and 24576?
192
What is the greatest common divisor of 6208 and 1472?
64
What is the greatest common divisor of 88 and 27302?
22
Calculate the highest common factor of 45 and 149193.
9
Calculate the highest common factor of 1334437 and 2691.
299
What is the greatest common divisor of 254288 and 368?
368
Calculate the highest common factor of 847 and 99792.
77
What is the greatest common divisor of 638 and 348406?
58
What is the greatest common factor of 83562 and 1539?
57
What is the greatest common divisor of 68086 and 118?
118
Calculate the highest common factor of 106249 and 13.
13
Calculate the highest common divisor of 4879 and 1638.
7
Calculate the greatest common factor of 26219 and 9853.
167
What is the highest common factor of 126 and 2660196?
42
What is the greatest common factor of 10 and 85420?
10
What is the greatest common divisor of 230 and 4370?
230
Calculate the greatest common divisor of 173304 and 4698.
522
What is the highest common factor of 23284 and 24?
4
What is the highest common factor of 1179 and 47553?
393
What is the greatest common divisor of 154 and 58324?
14
What is the highest common divisor of 1114180 and 10?
10
What is the highest common divisor of 7136 and 3136?
32
Calculate the highest common factor of 1028 and 1674098.
514
Calculate the greatest common divisor of 2 and 1415027.
1
What is the greatest common divisor of 18876 and 119964?
156
Calculate the greatest common factor of 1932 and 14329.
161
What is the highest common divisor of 419489 and 2446?
1223
What is the highest common factor of 7025 and 6?
1
Calculate the highest common factor of 45 and 90405.
45
What is the greatest common factor of 94956 and 123?
123
Calculate the greatest common factor of 57 and 587613.
57
What is the greatest common divisor of 470 and 200?
10
What is the greatest common factor of 117909 and 33?
33
Calculate the highest common divisor of 88 and 10504.
8
What is the greatest common factor of 15 and 19815?
15
What is the highest common divisor of 7 and 27495?
1
Calculate the greatest common factor of 56276 and 4444.
44
Calculate the greatest common divisor of 23804 and 7876.
44
Calculate the highest common divisor of 155275 and 25.
25
What is the highest common divisor of 216 and 16686?
54
Calculate the highest common factor of 800 and 86.
2
Calculate the highest common divisor of 8084 and 43616.
188
What is the greatest common divisor of 26314 and 11150?
446
What is the greatest common divisor of 2 and 681832?
2
What is the greatest common divisor of 4940 and 52130?
130
What is the highest common factor of 103147 and 11?
11
Calculate the highest common factor of 298886 and 518.
518
Calculate the greatest common factor of 11 and 109494.
11
What is the greatest common factor of 124 and 79019?
31
Calculate the highest common factor of 171 and 233263.
19
Calculate the greatest common factor of 27889 and 4843.
167
Calculate the greatest common divisor of 93021 and 11973.
921
What is the greatest common divisor of 16353 and 1926?
9
Calculate the highest common divisor of 687936 and 1248.
96
What is the greatest common factor of 5770 and 14060?
10
What is the highest common factor of 164613 and 74?
37
Calculate the highest common divisor of 16 and 837196.
4
What is the greatest common divisor of 25422 and 722?
38
Calculate the highest common divisor of 10250 and 625.
125
Calculate the greatest common divisor of 293317 and 137.
137
Calculate the highest common divisor of 70 and 1771658.
14
Calculate the highest common divisor of 2960 and 4880.
80
What is the greatest common divisor of 415532 and 5633?
131
What is the highest common factor of 52 and 59476?
4
What is the highest common factor of 147 and 652827?
147
Calculate the greatest common divisor of 33075 and 8775.
675
Calculate the greatest common divisor of 3424 and 45796.
428
Calculate the highest common factor of 36 and 13887.
9
What is the highest common factor of 1313 and 368751?
101
What is the greatest common divisor of 383 and 496368?
383
What is the greatest common divisor of 23042 and 143872?
562
What is the greatest common divisor of 17319 and 9?
3
What is the highest common factor of 1186 and 2965?
593
What is the highest common divisor of 3093 and 1284626?
1031
Calculate the highest common factor of 931 and 2584.
19
What is the greatest common factor of 3804 and 21?
3
What is the greatest common factor of 88 and 712?
8
What is the greatest common divisor of 405 and 20333835?
405
What is the highest common factor of 806 and 3262285?
403
Calculate the greatest common divisor of 18810 and 594.
198
What is the greatest common factor of 1784215 and 395?
395
What is the highest common factor of 349008 and 1452?
132
What is the highest common divisor of 287 and 40943?
7
Calculate the greatest common factor of 47719 and 51.
17
Calculate the greatest common factor of 579 and 14282.
193
Calculate the highest common divisor of 40250 and 3325.
175
What is the greatest common factor of 7950 and 700?
50
Calculate the greatest common divisor of 412 and 356.
4
What is the greatest common factor of 117 and 129375?
9
Calculate the highest common factor of 4606 and 148176.
98
Calculate the highest common factor of 3449978 and 28.
14
What is the greatest common divisor of 7332 and 2782?
26
Calculate the greatest common divisor of 168608 and 24.
8
What is the highest common divisor of 78752 and 230?
46
Calculate the greatest common divisor of 4718 and 2226.
14
Calculate the greatest common factor of 11842 and 217.
31
Calculate the highest common factor of 72 and 8994.
6
Calculate the highest common factor of 78386 and 33.
11
Calculate the highest common factor of 37392 and 16.
16
What is the highest common factor of 948 and 118974?
474
What is the highest common divisor of 256 and 482288?
16
What is the highest common divisor of 23975 and 3500?
175
What is the greatest common factor of 172658 and 1441?
131
Calculate the highest common divisor of 212 and 10441.
53
What is the highest common factor of 11985 and 21165?
255
What is the greatest common factor of 164028 and 12?
12
Calculate the highest common factor of 2466706 and 242.
242
What is the highest common divisor of 320 and 710656?
64
Calculate the highest common divisor of 12115 and 10.
5
What is the greatest common divisor of 4151 and 280?
7
Calculate the greatest common divisor of 1038 and 10806.
6
Calculate the highest common divisor of 78 and 2061.
3
Calculate the greatest common factor of 2461 and 113137.
23
Calculate the greatest common divisor of 166128 and 4800.
48
What is the greatest common divisor of 334 and 614?
2
What is the highest common divisor of 2461 and 355442?
23
Calculate the highest common divisor of 69036 and 1320.
132
Calculate the highest common factor of 333 and 68193.
9
What is the highest common divisor of 4806 and 1180674?
1602
What is the highest common divisor of 13464 and 792?
792
What is the highest common divisor of 1745 and 51303?
349
What is the highest common divisor of 136836 and 504?
252
Calculate the highest common divisor of 286883 and 671.
61
What is the highest common factor of 53 and 5118422?
53
Calculate the highest common divisor of 41 and 59.
1
Calculate the greatest 